rs of 6300554430?
2, 3, 5, 210018481
What are the prime factors of 379731964?
2, 367, 258673
List the prime factors of 27735900.
2, 3, 5, 59, 1567
List the prime factors of 82754251.
4759, 17389
List the prime factors of 1746836871.
3, 13, 44790689
What are the prime factors of 2742496270?
2, 5, 17, 16132331
What are the prime factors of 587797383?
3, 3119, 62819
List the prime factors of 27889121.
13, 739, 2903
List the prime factors of 2196715782.
2, 3, 307, 1192571
List the prime factors of 271047121.
59, 4594019
What are the prime factors of 1098849248?
2, 7, 4905577
What are the prime factors of 1219871023?
7, 17, 86143
What are the prime factors of 526059731?
526059731
What are the prime factors of 3180907?
3180907
List the prime factors of 1627421368.
2, 203427671
What are the prime factors of 5051053639?
971, 5201909
What are the prime factors of 2989863988?
2, 747465997
What are the prime factors of 29811479?
5449, 5471
List the prime factors of 20578952.
2, 101, 25469
What are the prime factors of 484357772?
2, 121089443
List the prime factors of 4474223.
13, 344171
List the prime factors of 4175165867.
199, 1987, 10559
What are the prime factors of 445596027?
3, 17, 8737177
What are the prime factors of 709937?
17, 41761
What are the prime factors of 6458983689?
3, 17, 43, 131, 22483
List the prime factors of 502442125.
5, 389, 10333
List the prime factors of 132391479.
3, 11, 4011863
List the prime factors of 428447745.
3, 5, 11, 31, 41, 227
List the prime factors of 471232122.
2, 3, 331, 237277
List the prime factors of 57601178.
2, 379, 75991
What are the prime factors of 137983843?
599, 230357
List the prime factors of 238884032.
2, 73, 51131
List the prime factors of 1484520433.
11, 43, 3138521
What are the prime factors of 17190644?
2, 37, 41, 2833
List the prime factors of 107785214.
2, 19, 149287
What are the prime factors of 3631661816?
2, 73, 6218599
List the prime factors of 61462079.
7, 79, 111143
What are the prime factors of 304970426?
2, 89, 1713317
List the prime factors of 455952975.
3, 5, 19, 319967
What are the prime factors of 871307646?
2, 3, 11, 41, 321991
What are the prime factors of 1110541428?
2, 3, 29, 181, 653
List the prime factors of 46147036.
2, 13, 181, 4903
What are the prime factors of 753650363?
753650363
What are the prime factors of 171061938?
2, 3, 9503441
What are the prime factors of 485291742?
2, 3, 13, 29, 214541
List the prime factors of 2119614382.
2, 229, 461, 10039
What are the prime factors of 105840578?
2, 52920289
What are the prime factors of 264165131?
107, 223, 11071
List the prime factors of 161107267.
29, 521, 10663
List the prime factors of 2034195436.
2, 7, 13, 727, 7687
What are the prime factors of 924956721?
3, 13, 167, 47339
What are the prime factors of 2120286322?
2, 7, 11, 569, 24197
List the prime factors of 653370208.
2, 43, 337, 1409
List the prime factors of 32602737.
3, 10867579
List the prime factors of 61529915.
5, 3499, 3517
What are the prime factors of 27781648?
2, 19, 91387
What are the prime factors of 2515940053?
11, 269, 7027
List the prime factors of 379035974.
2, 29, 227, 28789
What are the prime factors of 4167226651?
7, 61, 167, 58439
What are the prime factors of 1179239937?
3, 393079979
List the prime factors of 19568501.
53, 421, 877
What are the prime factors of 114912230?
2, 5, 11491223
List the prime factors of 351498914.
2, 13, 89, 151901
What are the prime factors of 221572912?
2, 11, 1258937
List the prime factors of 412336506.
2, 3, 68722751
What are the prime factors of 20624761?
20624761
List the prime factors of 3389069812.
2, 233, 3636341
List the prime factors of 23386021.
97, 241093
What are the prime factors of 152709792?
2, 3, 1590727
What are the prime factors of 10957871?
10957871
What are the prime factors of 118493074?
2, 7, 1209113
List the prime factors of 30060264.
2, 3, 13, 23, 59, 71
What are the prime factors of 476401958?
2, 238200979
List the prime factors of 149498700.
2, 3, 5, 13, 38333
What are the prime factors of 442153859?
7, 181, 461, 757
What are the prime factors of 617389179?
3, 11, 461, 40583
What are the prime factors of 336467081?
89, 131, 28859
What are the prime factors of 185926529?
185926529
List the prime factors of 81203493.
3, 7, 37, 41, 2549
What are the prime factors of 4899479303?
409, 11979167
What are the prime factors of 40506815?
5, 8101363
What are the prime factors of 155271227?
67, 439, 5279
What are the prime factors of 5101936807?
11, 42164767
What are the prime factors of 36322084?
2, 61, 148861
List the prime factors of 114977896.
2, 11, 67, 19501
What are the prime factors of 9880044?
2, 3, 823337
What are the prime factors of 6843720?
2, 3, 5, 13, 41, 107
What are the prime factors of 73055091?
3, 179, 136043
What are the prime factors of 339241555?
5, 1367, 49633
List the prime factors of 2686972565.
5, 1993, 269641
What are the prime factors of 1111632505?
5, 222326501
List the prime factors of 56434988.
2, 97, 145451
List the prime factors of 47847401.
7, 17, 37, 10867
What are the prime factors of 448277279?
19, 43, 548687
List the prime factors of 62161618.
2, 257, 120937
List the prime factors of 89112137.
89112137
What are the prime factors of 8059873?
193, 41761
What are the prime factors of 1040946638?
2, 5741, 90659
What are the prime factors of 21266260?
2, 5, 23, 83, 557
List the prime factors of 42242888.
2, 5280361
List the prime factors of 26431795.
5, 13, 151, 2693
What are the prime factors of 98790059?
2999, 32941
What are the prime factors of 192011423?
167, 1149769
List the prime factors of 542181510.
2, 3, 5, 13, 17, 27259
What are the prime factors of 273762487?
89, 331, 9293
What are the prime factors of 119618254?
2, 7, 8544161
What are the prime factors of 742827037?
742827037
What are the prime factors of 39806898?
2, 3, 1289, 5147
What are the prime factors of 27871?
47, 593
What are the prime factors of 55536245?
5, 11107249
List the prime factors of 788956858.
2, 394478429
What are the prime factors of 210007190?
2, 5, 19, 37, 29873
List the prime factors of 1891863946.
2, 7, 37, 199, 18353
List the prime factors of 6238966.
2, 17, 183499
What are the prime factors of 47225540?
2, 5, 173, 13649
List the prime factors of 101757895.
5, 20351579
What are the prime factors of 1047336574?
2, 523668287
What are the prime factors of 168223738?
2, 17, 41, 120677
List the prime factors of 315738421.
5081, 62141
What are the prime factors of 3674376900?
2, 3, 5, 79, 51679
List the prime factors of 23190464.
2, 11, 32941
List the prime factors of 200475012.
2, 3, 16706251
List the prime factors of 377849559.
3, 1553, 81101
What are the prime factors of 800407099?
163, 263, 18671
List the prime factors of 3158970707.
3158970707
What are the prime factors of 289370286?
2, 3, 5358709
What are the prime factors of 28878392?
2, 3609799
What are the prime factors of 319684981?
7, 11, 23, 180511
What are the prime factors of 34806822?
2, 3, 19, 101, 3023
List the prime factors of 1586148535.
5, 17, 61, 179, 1709
List the prime factors of 917546157.
3, 11, 19, 277, 587
List the prime factors of 77181224.
2, 17, 541, 1049
What are the prime factors of 67420769?
13, 41, 126493
What are the prime factors of 78855489?
3, 8761721
List the prime factors of 1298842510.
2, 5, 7, 2650699
What are the prime factors of 13154123?
53, 283, 877
List the prime factors of 3159672247.
227, 479, 29059
What are the prime factors of 561423613?
561423613
What are the prime factors of 195560148?
2, 3, 7, 97, 24001
List the prime factors of 2837114757.
3, 2927, 107699
What are the prime factors of 2242132850?
2, 5, 44842657
What are the prime factors of 858812872?
2, 107351609
List the prime factors of 64538009.
149, 433141
List the prime factors of 53343979.
13, 4103383
List the prime factors of 205567201.
7, 4195249
What are the prime factors of 23721462?
2, 3, 19, 139, 499
List the prime factors of 83792631.
3, 13, 2148529
What are the prime factors of 541893413?
541893413
What are the prime factors of 4194456618?
2, 3, 11, 1399, 45427
What are the prime factors of 2446779572?
2, 611694893
List the prime factors of 46505469.
3, 15501823
What are the prime factors of 53631979?
97, 307, 1801
Lis